and 7?
7
Let d be (-2)/(46/(-28) - 6/(-4)). Calculate the greatest common divisor of d and 42.
14
Suppose -11*o + 8*o = -351. What is the greatest common factor of o and 13?
13
Let u = 26 + -31. Let d be u/((-36)/32 - -1). Calculate the highest common factor of 16 and d.
8
Let m(s) = -s**2 + 12*s + 1. Let r be m(10). What is the highest common factor of r and 105?
21
Let g be 51/6 - (-2)/4. Suppose 8*a = 3*a + 20. Suppose -z + 10 + a = 3*w, 3*z = -5*w + 30. What is the highest common factor of g and w?
3
Let t(a) = 6*a. Let l(q) = -q**3 - q + 4. Let z be l(0). Let s be t(z). What is the greatest common divisor of s and 12?
12
Suppose 0 = -3*s + 11 + 25. Calculate the highest common factor of 12 and s.
12
Let w(i) = i**2 - 2*i - 1. Let g be w(3). Let s be (-14)/35 - (-184)/10. Calculate the highest common divisor of s and g.
2
Let h be (159 - 0) + (10 - 9). Let p = 36 - 16. What is the highest common factor of h and p?
20
Let j = 71 - 58. Calculate the greatest common factor of 13 and j.
13
Let u = -11 + 16. Suppose -5*y - u*g = -60, -2*y + 3*g = -y - 4. Suppose -2*d - 46 = -4*p, 4 = 2*p - 5*d - 31. Calculate the highest common factor of p and y.
10
Let s(j) = j**3 + 9*j**2 + 2. Let h be s(-9). Let r(a) = a**3 - 2*a**2 + 2*a. Let w be r(h). Calculate the highest common factor of w and 2.
2
Let b(m) = m**3 - 4*m**2 + 2*m + m + 10*m**2 - 3. Let g be b(-4). Calculate the highest common divisor of g and 187.
17
Suppose 0 = -w + 4 + 6. Suppose 5*g = 5*c + 10, 0 = 5*c + 2 - 12. Suppose -g*p + 100 + 0 = 0. Calculate the greatest common factor of w and p.
5
Let k = -8 + 15. Let f = k + -33. Let p = -11 - f. What is the greatest common factor of 5 and p?
5
Suppose w + 0*j - 4 = j, 3*w - 16 = 5*j. What is the highest common divisor of w and 14?
2
Let o be (-7)/(-2) + (-4)/(-8). Calculate the highest common divisor of 16 and o.
4
Suppose -2*h + 4 = -0. Suppose 4*o - h*w = -4*w + 222, -169 = -3*o + w. Suppose -2*d + 6*d = 56. What is the highest common factor of o and d?
14
Let o(q) = 26*q**2. Let h be o(-1). Let m = -113 + 180. Let n be m + 0/(-1) - 2. Calculate the greatest common divisor of h and n.
13
Let h = -23 + 47. What is the greatest common factor of 24 and h?
24
Suppose 0*d - d + 4 = 0. What is the greatest common divisor of 24 and d?
4
Suppose -6*o + 48 = -5*o. Calculate the greatest common factor of o and 12.
12
Let q be 2 - (2/2 + -17). Let d be (-68)/(-6) - (-12)/q. Let s(v) = -6*v. Let a be s(-2). Calculate the highest common divisor of a and d.
12
Let c be 4*-6*17/(-2). Let t be c/33 - 2/11. Let l = -3 + t. What is the greatest common factor of l and 33?
3
Let w(k) = k**3 + 29*k**2 - 64*k + 74. Let s be w(-31). Let j be ((-17)/(-4))/1*4. Calculate the highest common factor of j and s.
17
Suppose 5*j + 3*g - 1230 = 0, j = g - 49 + 287. Calculate the highest common factor of 27 and j.
27
Let y(q) = -q**3 - 4*q**2 + 4*q - 3. Let x be y(-5). Suppose 75 = 3*g + v, 6*g = x*g + v + 93. What is the greatest common divisor of 192 and g?
24
Suppose -4*x + 320 = 2*n - 0*x, 0 = -4*n - 2*x + 646. What is the highest common factor of 18 and n?
18
Suppose 0 = -2*j - 4*b - 48, 2*b + 120 = 4*j - 9*j. Let m = 40 + j. What is the greatest common factor of 128 and m?
16
Let p(a) = -2*a**2 + 3*a**2 + 3*a - 2 - 5. Let r be p(-5). What is the highest common divisor of r and 33?
3
Let x = -144 + 102. Let r be 2/7 - 198/x. Calculate the highest common factor of r and 5.
5
Suppose 2*p = -3*k - 3*p + 96, 4*p - 66 = -2*k. Calculate the greatest common factor of k and 27.
27
Suppose -4*x = -3*l - 33, -4*x + 21 = -x - 3*l. Suppose 2 - 11 = -3*f. Suppose -m + f*m = 72. Calculate the greatest common divisor of m and x.
12
Let f(y) = y**3 + 8*y**2 + 10*y + 9. Let j be f(-6). Let h = j - 5. Calculate the greatest common divisor of 4 and h.
4
Suppose -5*n + 39 = -f - 29, 4*n - 3*f = 61. Suppose -2*q - 6 = -4*q. Let t(i) = 13*i**2 - 4*i - 1. Let d be t(q). What is the highest common factor of n and d?
13
Suppose -23 = -j + 29. Calculate the greatest common factor of 52 and j.
52
Let t = -12 + 20. Let c(w) = w**2 - 5*w - 8. Let x be c(t). Let r be (3/(-4))/((-21)/56). Calculate the greatest common factor of x and r.
2
Let m(b) = -b**3 + b**2. Let q be m(1). Suppose 5*a = 5*j - 25, 4*j + 4*a - 38 + 10 = q. What is the greatest common factor of 12 and j?
6
Suppose -3*f = -r - 15, 5*f + 21 - 56 = 5*r. Suppose f = t - 14. Let m be (t/4)/(6/12). Calculate the greatest common divisor of 99 and m.
9
Suppose 0 = 3*l + l. Suppose l*g = -2*g + 32. Calculate the greatest common factor of 40 and g.
8
Let v = -11 + 13. Suppose -t - v + 14 = 0. Let o(p) = 3*p**2 - p + 6. Let l be o(6). Calculate the highest common divisor of l and t.
12
Let l(r) = r**2 - 5*r - 8. Let x be l(7). Let n be 16/x - (-6)/(-9). Suppose -n*u + 114 = 4. What is the highest common factor of u and 5?
5
Let n = 797 + -482. What is the highest common divisor of n and 35?
35
Let i(r) = r**3 + 6*r**2 - 16*r + 18. Let m be i(-8). Suppose -2*o = -18 - 126. Suppose 3*c = c + o. Calculate the greatest common divisor of c and m.
18
Suppose 3*n - 395 = -2*b, -n = -5*b - 0*b - 143. Suppose 3*q + 35 + 54 = 4*u, 3*u - 70 = -q. Let l = 42 - u. What is the greatest common factor of n and l?
19
Let d(c) = -c**2 + 11*c. Let v be d(9). Let s = -519 - -341. Let p be s/(-10) - (-2)/10. Calculate the highest common divisor of v and p.
18
Let c = 0 - -12. Suppose 0 = -z + 4*z + c. Let q be (9/6)/((-3)/z). What is the greatest common factor of q and 2?
2
Suppose -18 = -8*r + 46. What is the highest common factor of 24 and r?
8
Let i be (5 - 5) + 1*3. What is the greatest common factor of 15 and i?
3
Let a(t) = -4*t + 6*t**2 + 0*t + 4 - 1. Let y be a(2). Suppose 0 = -8*u - 55 + 663. What is the greatest common divisor of u and y?
19
Let z(s) = -4*s + 1. Let y be z(-1). Let o = 49 - 14. What is the highest common divisor of y and o?
5
Let g be (-6)/(-15) + 2926/10. Suppose -3*p + 3*v + 134 + 106 = 0, -5*v = 4*p - g. Suppose o - 4*o + 33 = 0. Calculate the highest common divisor of o and p.
11
Let v be (-2 + 1)/((-2)/12). Let j(f) = -f**2 + 13*f + 6. Let q be j(v). Let t be (-2)/((5/6)/(-5)). Calculate the highest common divisor of t and q.
12
Let a(f) = -4*f + 2*f**2 - f**3 + 2*f**3 - 1 + 4. Let m be a(2). Let t(b) = 5*b**2 - 4*b + 3. Let h be t(-4). Calculate the highest common factor of h and m.
11
Let s(m) = 15*m + 5. Let g be s(4). Let d be 8/44 - 852/(-33). Calculate the highest common factor of d and g.
13
Let g(h) = -h**3 - 6*h**2 + h + 8. Let o be g(-6). Suppose 4*t - o*t = 0. Let f be (-11 + t)/((-1)/8). Calculate the greatest common divisor of f and 8.
8
Let g(q) = 3 - q**2 + 1 + 8*q - 1. Let u(o) = o**3 - 2*o**2 + 3*o. Let t be u(2). Let m be g(t). Calculate the highest common factor of 6 and m.
3
Let w(p) = p**3 - 7*p**2 + 7*p - 1. Let d be w(6). Let i be (-1 - 2) + d - -14. What is the highest common factor of 4 and i?
4
Suppose 3*v = 2*f - 23, -5*f + 2*v - 12 + 53 = 0. Calculate the highest common factor of f and 49.
7
Let j(f) = 11*f - 4. Let a be (12/18)/((-1)/(-36)). Suppose 5*l - p - a = 0, -4*p - 4 - 4 = 2*l. Let k be j(l). What is the highest common divisor of 8 and k?
8
Let c(y) = -2*y - 10. Let s be c(-15). What is the highest common factor of s and 50?
10
Let q(n) = 2*n**3 - n**2 - n + 1. Let x be q(1). What is the greatest common divisor of 3 and x?
1
Let d(l) = l**2 + 3*l + 3. Let g be d(-3). Let n(z) = 7*z - 3. Let y be n(g). Let r be 0 - (0 - (-2 - -4)). Calculate the highest common factor of r and y.
2
Let m = -45 + 150. Suppose 231 + m = 4*i. What is the highest common factor of i and 21?
21
Let n be 26/(-3) - (-2)/(-6). Let s = 21 + n. Calculate the greatest common divisor of 108 and s.
12
Let z be (10/8)/(2*(-4)/(-32)). What is the highest common divisor of z and 5?
5
Let f(m) = m + 4. Let z be (-2)/(-8) - 3/(-4). Suppose 2 = s - z. Let o be f(s). What is the highest common factor of 21 and o?
7
Suppose -16 = -z - 3*f, 0 = 2*z + f - 12. Calculate the highest common factor of z and 32.
4
Let x be (-159)/(-4) + (-1)/(-4). Suppose -18 = -3*m + 21. Let a = m - 8. Calculate the highest common divisor of x and a.
5
Let n be 36/(-21) + (-8)/28. Let i be (2 - n)*(-2)/(-4). Let l be (-11)/2*i*-4. What is the highes